 greatest common factor of 112 and 1064?
56
What is the greatest common factor of 9 and 225?
9
Calculate the highest common divisor of 649 and 11.
11
Calculate the highest common factor of 322 and 621.
23
Calculate the greatest common divisor of 2457 and 63.
63
Calculate the greatest common divisor of 8 and 1128.
8
What is the greatest common factor of 27 and 63?
9
Calculate the greatest common divisor of 2619 and 1.
1
What is the highest common divisor of 4837 and 14?
7
Calculate the greatest common divisor of 15522 and 312.
78
Calculate the highest common factor of 7 and 189.
7
Calculate the highest common factor of 154 and 1.
1
Calculate the highest common factor of 858 and 330.
66
Calculate the greatest common divisor of 183 and 3.
3
Calculate the greatest common factor of 5 and 295.
5
Calculate the greatest common divisor of 32 and 4168.
8
What is the greatest common factor of 27702 and 152?
38
What is the greatest common divisor of 15 and 1605?
15
Calculate the greatest common factor of 696 and 7482.
174
What is the greatest common factor of 40 and 620?
20
Calculate the highest common divisor of 444 and 37.
37
What is the highest common divisor of 435 and 261?
87
What is the greatest common divisor of 11 and 50567?
11
What is the greatest common factor of 15 and 705?
15
What is the highest common divisor of 64 and 5632?
64
What is the highest common factor of 185 and 1073?
37
What is the greatest common divisor of 21 and 21?
21
Calculate the greatest common factor of 136 and 64.
8
Calculate the greatest common divisor of 612 and 1989.
153
Calculate the greatest common divisor of 984 and 9717.
123
What is the highest common factor of 588 and 1524?
12
What is the greatest common factor of 4897 and 177?
59
Calculate the greatest common factor of 41 and 205.
41
Calculate the greatest common factor of 50 and 19475.
25
What is the greatest common divisor of 483 and 42?
21
Calculate the greatest common divisor of 81 and 513.
27
What is the highest common divisor of 47 and 611?
47
Calculate the highest common divisor of 14620 and 344.
172
Calculate the greatest common divisor of 126 and 954.
18
Calculate the greatest common factor of 4939 and 55.
11
Calculate the highest common factor of 7 and 133.
7
Calculate the greatest common divisor of 294 and 210.
42
Calculate the highest common factor of 225 and 54.
9
Calculate the greatest common factor of 192 and 3.
3
Calculate the highest common divisor of 56 and 1078.
14
What is the greatest common factor of 4212 and 208?
52
Calculate the highest common divisor of 32805 and 5.
5
Calculate the greatest common factor of 150 and 550.
50
What is the greatest common factor of 48026 and 118?
118
What is the greatest common factor of 2204 and 145?
29
What is the highest common factor of 516 and 276?
12
Calculate the highest common factor of 42 and 314.
2
Calculate the greatest common divisor of 115 and 184.
23
Calculate the greatest common factor of 59 and 9.
1
What is the greatest common divisor of 624 and 376?
8
What is the highest common divisor of 80 and 1280?
80
What is the highest common divisor of 286 and 5486?
26
Calculate the greatest common factor of 34 and 34.
34
What is the highest common divisor of 1036 and 84?
28
Calculate the highest common divisor of 48289 and 43.
43
What is the highest common divisor of 10 and 5130?
10
What is the greatest common divisor of 99 and 279?
9
What is the greatest common divisor of 320 and 220?
20
Calculate the highest common factor of 3699 and 243.
27
What is the greatest common divisor of 76 and 4?
4
What is the greatest common divisor of 456 and 72?
24
Calculate the greatest common factor of 5120 and 20.
20
Calculate the greatest common divisor of 14133 and 21.
21
What is the greatest common factor of 15226 and 92?
46
What is the highest common factor of 162 and 10854?
162
What is the highest common factor of 5 and 2?
1
What is the highest common factor of 475 and 19?
19
What is the highest common divisor of 972 and 9?
9
What is the greatest common factor of 2403 and 89?
89
What is the highest common divisor of 78 and 564?
6
What is the greatest common factor of 472 and 24?
8
Calculate the greatest common divisor of 150 and 120.
30
What is the highest common factor of 918 and 486?
54
What is the greatest common factor of 1677 and 39?
39
Calculate the greatest common factor of 1554 and 462.
42
Calculate the highest common factor of 195 and 273.
39
Calculate the greatest common divisor of 615 and 82.
41
Calculate the greatest common factor of 8217 and 498.
249
What is the greatest common factor of 369 and 108?
9
What is the greatest common factor of 12 and 126?
6
Calculate the highest common divisor of 1365 and 520.
65
What is the greatest common factor of 1813 and 196?
49
What is the greatest common divisor of 90 and 504?
18
What is the highest common divisor of 182 and 3367?
91
Calculate the greatest common factor of 464 and 29.
29
Calculate the highest common factor of 63 and 18.
9
Calculate the highest common factor of 183 and 2806.
61
Calculate the highest common factor of 1430 and 990.
110
What is the highest common factor of 3431 and 188?
47
Calculate the greatest common factor of 75 and 1215.
15
What is the highest common factor of 984 and 3854?
82
What is the highest common factor of 12 and 15924?
12
Calculate the highest common factor of 120 and 180.
60
Calculate the greatest common factor of 678 and 26781.
339
What is the highest common factor of 2655 and 30?
15
Calculate the greatest common factor of 320 and 100.
20
What is the greatest common divisor of 288 and 32?
32
Calculate the highest common divisor of 5994 and 648.
162
Calculate the greatest common divisor of 496 and 79112.
248
What is the greatest common factor of 53 and 5512?
53
Calculate the highest common divisor of 4305 and 30.
15
What is the greatest common divisor of 46 and 46?
46
Calculate the highest common divisor of 357 and 63.
21
Calculate the greatest common factor of 565 and 25.
5
What is the greatest common factor of 2 and 16?
2
Calculate the greatest common factor of 125 and 500.
125
What is the greatest common divisor of 116 and 87?
29
Calculate the highest common factor of 248 and 93.
31
Calculate the greatest common factor of 9 and 471.
3
Calculate the greatest common factor of 455 and 595.
35
Calculate the highest common divisor of 4314 and 6.
6
What is the greatest common factor of 8490 and 20?
10
What is the highest common divisor of 184 and 528?
8
Calculate the highest common factor of 35 and 50.
5
What is the greatest common divisor of 4906 and 2007?
223
What is the greatest common divisor of 27 and 1593?
27
Calculate the highest common factor of 668 and 36.
4
Calculate the highest common factor of 15 and 14565.
15
What is the greatest common divisor of 16 and 3568?
16
What is the greatest common divisor of 5 and 55?
5
What is the highest common divisor of 1010 and 50?
10
What is the greatest common factor of 549 and 9?
9
What is the highest common divisor of 24 and 246?
6
Calculate the highest common divisor of 20 and 160.
20
Calculate the greatest common factor of 32 and 560.
16
What is the greatest common divisor of 276 and 644?
92
Calculate the greatest common divisor of 12 and 156.
12
Calculate the greatest common divisor of 98 and 224.
14
What is the highest common divisor of 60 and 12220?
20
Calculate the highest common divisor of 1143 and 9.
9
What is the greatest common factor of 80601 and 201?
201
What is the greatest common divisor of 10688 and 64?
64
Calculate the highest common factor of 8800 and 40.
40
What is the highest common divisor of 22 and 341?
11
Calculate the greatest common divisor of 45 and 60.
15
What is the greatest common factor of 52 and 65?
13
Calculate the greatest common divisor of 148 and 6438.
74
Calculate the highest common divisor of 121 and 44.
11
What is the highest common factor of 100 and 40?
20
Calculate the greatest common factor of 63 and 147.
21
What is the greatest common divisor of 19 and 133?
19
What is the greatest common factor of 22 and 1551?
11
What is the greatest common factor of 12 and 1836?
12
What is the greatest common factor of 583 and 22?
11
What is the highest common divisor of 581 and 7?
7
Calculate the hi